{"id":15498,"date":"2022-09-07T19:32:15","date_gmt":"2022-09-07T17:32:15","guid":{"rendered":"https:\/\/aureusdrive.ch\/mentions-legales\/"},"modified":"2025-09-03T14:47:18","modified_gmt":"2025-09-03T12:47:18","slug":"mentions-legales","status":"publish","type":"page","link":"https:\/\/aureusdrive.ch\/fr\/mentions-legales\/","title":{"rendered":"Mentions l\u00e9gales"},"content":{"rendered":"\n<p><style>\/*! elementor - v3.7.4 - 31-08-2022 *\/<br \/>.elementor-heading-title{padding:0;margin:0;line-height:1}.elementor-widget-heading .elementor-heading-title[class*=elementor-size-]>a{color:inherit;font-size:inherit;line-height:inherit}.elementor-widget-heading .elementor-heading-title.elementor-size-small{font-size:15px}.elementor-widget-heading .elementor-heading-title.elementor-size-medium{font-size:19px}.elementor-widget-heading .elementor-heading-title.elementor-size-large{font-size:29px}.elementor-widget-heading .elementor-heading-title.elementor-size-xl{font-size:39px}.elementor-widget-heading .elementor-heading-title.elementor-size-xxl{font-size:59px}<\/style><\/p>\n\n<h1 class=\"wp-block-heading has-text-align-center\">Mentions l\u00e9gales<\/h1>\n\n<p>Sur cette page, vous trouverez des informations juridiques sur AureusDrive AG. Il s&#8217;agit notamment de nos coordonn\u00e9es. Vous trouverez l&#8217;inscription au registre du commerce ainsi que des informations sur les droits d&#8217;auteur, la responsabilit\u00e9 et la protection des donn\u00e9es sur la sous-page correspondante. Les mentions l\u00e9gales servent \u00e0 la transparence et vous indiquent qui se trouve derri\u00e8re ce site web et comment nous contacter.   <\/p>\n\n<p><strong>AureusDrive AG<\/strong><br\/>Si\u00e8ge social Atelier \/ Vente<br\/>Rothenring 3a<br\/>6015 Lucerne<\/p>\n\n<p><strong>Contact :<\/strong><br\/>T\u00e9l\u00e9phone : +41 41 560 13 33<br\/>E-mail : <a href=\"mailto:info@aureusdrive.ch\">info@aureusdrive.ch<\/a><\/p>\n","protected":false},"excerpt":{"rendered":"<p>Mentions l\u00e9gales Sur cette page, vous trouverez des informations juridiques sur AureusDrive AG. Il s&#8217;agit notamment de nos coordonn\u00e9es. Vous trouverez l&#8217;inscription au registre du commerce ainsi que des informations sur les droits d&#8217;auteur, la responsabilit\u00e9 et la protection des donn\u00e9es sur la sous-page correspondante. Les mentions l\u00e9gales servent \u00e0 la transparence et vous indiquent&#8230;<\/p>\n","protected":false},"author":1,"featured_media":0,"parent":0,"menu_order":0,"comment_status":"closed","ping_status":"closed","template":"","meta":{"_acf_changed":false,"_kad_blocks_custom_css":"","_kad_blocks_head_custom_js":"","_kad_blocks_body_custom_js":"","_kad_blocks_footer_custom_js":"","_kad_post_transparent":"","_kad_post_title":"","_kad_post_layout":"","_kad_post_sidebar_id":"","_kad_post_content_style":"","_kad_post_vertical_padding":"","_kad_post_feature":"","_kad_post_feature_position":"","_kad_post_header":false,"_kad_post_footer":false,"_kad_post_classname":"","footnotes":""},"class_list":["post-15498","page","type-page","status-publish","hentry"],"acf":[],"taxonomy_info":[],"featured_image_src_large":false,"author_info":{"display_name":"thomas","author_link":"https:\/\/aureusdrive.ch\/fr\/author\/thomas\/"},"comment_info":0,"_links":{"self":[{"href":"https:\/\/aureusdrive.ch\/fr\/wp-json\/wp\/v2\/pages\/15498","targetHints":{"allow":["GET"]}}],"collection":[{"href":"https:\/\/aureusdrive.ch\/fr\/wp-json\/wp\/v2\/pages"}],"about":[{"href":"https:\/\/aureusdrive.ch\/fr\/wp-json\/wp\/v2\/types\/page"}],"author":[{"embeddable":true,"href":"https:\/\/aureusdrive.ch\/fr\/wp-json\/wp\/v2\/users\/1"}],"replies":[{"embeddable":true,"href":"https:\/\/aureusdrive.ch\/fr\/wp-json\/wp\/v2\/comments?post=15498"}],"version-history":[{"count":9,"href":"https:\/\/aureusdrive.ch\/fr\/wp-json\/wp\/v2\/pages\/15498\/revisions"}],"predecessor-version":[{"id":40328,"href":"https:\/\/aureusdrive.ch\/fr\/wp-json\/wp\/v2\/pages\/15498\/revisions\/40328"}],"wp:attachment":[{"href":"https:\/\/aureusdrive.ch\/fr\/wp-json\/wp\/v2\/media?parent=15498"}],"curies":[{"name":"wp","href":"https:\/\/api.w.org\/{rel}","templated":true}]}}

Mentions légales

<p><style>/*! elementor - v3.7.4 - 31-08-2022 */<br />.elementor-heading-title{padding:0;margin:0;line-height:1}.elementor-widget-heading .elementor-heading-title[class*=elementor-size-]>a{color:inherit;font-size:inherit;line-height:inherit}.elementor-widget-heading .elementor-heading-title.elementor-size-small{font-size:15px}.elementor-widget-heading .elementor-heading-title.elementor-size-medium{font-size:19px}.elementor-widget-heading .elementor-heading-title.elementor-size-large{font-size:29px}.elementor-widget-heading .elementor-heading-title.elementor-size-xl{font-size:39px}.elementor-widget-heading .elementor-heading-title.elementor-size-xxl{font-size:59px}</style></p>

<h1 class="wp-block-heading has-text-align-center">Mentions légales</h1>

<p>Sur cette page, vous trouverez des informations juridiques sur AureusDrive AG. Il s&#8217;agit notamment de nos coordonnées. Vous trouverez l&#8217;inscription au registre du commerce ainsi que des informations sur les droits d&#8217;auteur, la responsabilité et la protection des données sur la sous-page correspondante. Les mentions légales servent à la transparence et vous indiquent qui se trouve derrière ce site web et comment nous contacter.   </p>

<p><strong>AureusDrive AG</strong><br/>Siège social Atelier / Vente<br/>Rothenring 3a<br/>6015 Lucerne</p>

<p><strong>Contact :</strong><br/>Téléphone : +41 41 560 13 33<br/>E-mail : <a href="mailto:info@aureusdrive.ch">info@aureusdrive.ch</a></p>

<p>Mentions légales Sur cette page, vous trouverez des informations juridiques sur AureusDrive AG. Il s&#8217;agit notamment de nos coordonnées. Vous trouverez l&#8217;inscription au registre du commerce ainsi que des informations sur les droits d&#8217;auteur, la responsabilité et la protection des données sur la sous-page correspondante. Les mentions légales servent à la transparence et vous indiquent&#8230;</p>
